True
Is 206926 a multiple of 15?
False
Does 19 divide 928948?
True
Is 5743728 a multiple of 18?
True
Does 12 divide 2952984?
True
Does 18 divide 13286?
False
Is 30 a factor of 2029740?
True
Does 738 divide 1370670?
False
Does 90 divide 5625090?
True
Is 174476 a multiple of 13?
False
Does 524 divide 1580454?
False
Is 9 a factor of 483336?
True
Is 494404 a multiple of 424?
False
Does 142 divide 73942?
False
Does 10 divide 121510?
True
Is 421850 a multiple of 325?
True
Does 1694 divide 8968036?
True
Does 283 divide 8649895?
True
Is 31 a factor of 1730875?
False
Is 149619 a multiple of 141?
False
Is 52 a factor of 322608?
True
Is 1064056 a multiple of 24?
False
Is 749204 a multiple of 132?
False
Is 1448876 a multiple of 68?
True
Does 80 divide 791360?
True
Does 141 divide 1426572?
False
Is 7131996 a multiple of 40?
False
Is 1587369 a multiple of 843?
True
Does 3 divide 802181?
False
Is 173 a factor of 29756?
True
Is 220388 a multiple of 476?
True
Is 24204 even?
True
Is 4251925 a multiple of 265?
True
Is 67 a factor of 12622739?
False
Is 641476 a multiple of 24?
False
Does 66 divide 754644?
True
Is 12 a factor of 332515?
False
Is 3508695 a multiple of 15?
True
Does 24 divide 2117832?
True
Is 449 a factor of 640224?
False
Is 542 a factor of 11231866?
True
Is 887433 a multiple of 279?
False
Does 12 divide 9023088?
True
Is 19075 a multiple of 6?
False
Does 7 divide 169657?
False
Is 2433155 a multiple of 215?
True
Is 924958 a multiple of 241?
True
Does 55 divide 430545?
False
Is 848876 a multiple of 61?
True
Is 13 a factor of 1345422?
True
Is 4694466 a multiple of 21?
True
Does 15 divide 883590?
True
Does 460 divide 129159?
False
Does 647 divide 2386104?
False
Is 1063671 a multiple of 7?
True
Is 85453 a multiple of 5?
False
Is 19326 a multiple of 3?
True
Is 7869 a multiple of 3?
True
Is 447148 a multiple of 11?
False
Is 5 a factor of 583840?
True
Is 55099 a multiple of 126?
False
Is 3343296 a multiple of 11?
True
Does 117 divide 4921683?
False
Is 2410317 a multiple of 117?
True
Is 23972 a multiple of 52?
True
Does 32 divide 42066?
False
Is 211320 a multiple of 12?
True
Is 13 a factor of 390005?
False
Does 6 divide 74100?
True
Does 9 divide 29840?
False
Is 16 a factor of 11977600?
True
Does 8 divide 469320?
True
Is 196729 even?
False
Is 2037390 a multiple of 30?
True
Does 379 divide 4314364?
False
Is 22 a factor of 153637?
False
Does 15 divide 546006?
False
Does 24 divide 943920?
True
Does 4 divide 161584?
True
Does 11 divide 2802066?
False
Does 22 divide 113923?
False
Is 65 a factor of 275263?
False
Is 760515 a multiple of 3?
True
Is 19 a factor of 101545?
False
Is 19475 a multiple of 19?
True
Is 68 a factor of 1537616?
True
Does 254 divide 5299710?
True
Is 145488 a multiple of 14?
True
Is 45 a factor of 106202?
False
Is 5 a factor of 11533305?
True
Does 14 divide 147537?
False
Is 9805250 a multiple of 70?
True
Is 431 a factor of 1378583?
False
Is 71 a factor of 1545031?
True
Is 36081 a multiple of 57?
True
Does 91 divide 1167894?
True
Is 13374958 a multiple of 1117?
True
Is 217776 a multiple of 208?
True
Is 15 a factor of 494385?
True
Is 171 a factor of 287451?
True
Does 187 divide 6211579?
True
Is 116706 a multiple of 367?
True
Does 43 divide 239965?
False
Is 128271 a multiple of 13?
True
Is 6791628 a multiple of 6?
True
Is 16 a factor of 7997248?
True
Is 121890 a multiple of 373?
False
Is 13366380 a multiple of 60?
True
Is 4 a factor of 42578?
False
Is 19 a factor of 93765?
True
Is 2233825 a multiple of 25?
True
Does 189 divide 76168?
False
Does 169 divide 55367?
False
Is 74214 a multiple of 38?
True
Does 214 divide 5305916?
True
Is 30 a factor of 11616506?
False
Is 212 a factor of 951668?
True
Does 78 divide 1016682?
False
Is 2057441 a multiple of 9?
False
Is 772020 a multiple of 18?
True
Is 219 a factor of 790659?
False
Is 993943 a multiple of 569?
False
Does 34 divide 332316?
True
Does 77 divide 164734?
False
Is 16 a factor of 34576?
True
Is 10 a factor of 532029?
False
Does 367 divide 222035?
True
Is 156501 a multiple of 25?
False
Does 23 divide 2335604?
True
Is 3186972 a multiple of 46?
True
Is 2995229 a multiple of 521?
True
Is 4132415 a multiple of 7?
True
Is 5 a factor of 1176891?
False
Is 42780 a multiple of 6?
True
Does 20 divide 77900?
True
Is 11 a factor of 536377?
False
Is 2235288 a multiple of 8?
True
Is 718 a factor of 3406910?
True
Is 114343 a multiple of 263?
False
Is 431886 a multiple of 78?
True
Does 343 divide 189679?
True
Is 16970 a multiple of 5?
True
Is 9 a factor of 5268616?
False
Does 1061 divide 1460701?
False
Does 12 divide 188220?
True
Is 25 a factor of 9981455?
False
Does 20 divide 381880?
True
Does 75 divide 160575?
True
Is 2051050 a multiple of 652?
False
Is 26 a factor of 6548061?
False
Is 77992 a multiple of 8?
True
Is 67758 a multiple of 5?
False
Is 909505 a multiple of 129?
False
Is 25876 a multiple of 3?
False
Is 48 a factor of 161510?
False
Is 150 a factor of 1270350?
True
Does 80 divide 638355?
False
Is 54208 a multiple of 28?
True
Is 23 a factor of 11768859?
False
Does 444 divide 9046944?
True
Does 7 divide 383688?
False
Does 48 divide 21603?
False
Does 20 divide 48740?
True
Is 7 a factor of 524160?
True
Is 48 a factor of 830121?
False
Does 91 divide 3187366?
True
Is 27 a factor of 21211478?
False
Is 41322 a multiple of 75?
False
Is 39 a factor of 188370?
True
Is 20 a factor of 801120?
True
Does 599 divide 1615826?
False
Is 12 a factor of 2460?
True
Is 1172 a factor of 6961680?
True
Does 5 divide 2600640?
True
Is 180 a factor of 428827?
False
Does 483 divide 1158150?
False
Is 5288538 a multiple of 186?
True
Is 16793192 a multiple of 13?
True
Is 1706 a factor of 682623?
False
Is 3439701 a multiple of 16?
False
Does 215 divide 67682?
False
Does 43 divide 6595627?
False
Does 3 divide 1902016?
False
Does 179 divide 556294?
False
Is 90660 a multiple of 8?
False
Does 29 divide 97208?
True
Is 36 a factor of 239204?
False
Is 405 a factor of 5843340?
True
Does 511 divide 6729359?
True
Is 1034 a factor of 1388662?
True
Is 6713538 a multiple of 793?
True
Is 193 a factor of 1649597?
False
Is 10 a factor of 8959630?
True
Does 106 divide 39114?
True
Is 682151 a multiple of 14?
False
Does 39 divide 440271?
True
Is 8 a factor of 39976?
True
Does 140 divide 513380?
True
Is 60138 a multiple of 9?
True
Is 14 a factor of 509940?
False
Is 294191 even?
False
Does 21 divide 2062368?
True
Is 352212 a multiple of 28?
True
Is 99 a factor of 465102?
True
Does 3 divide 39041?
False
Does 579 divide 19499864?
False
Does 102 divide 508454?
False
Is 98 a factor of 143442?
False
Is 1671083 a multiple of 68?
False
Does 8 divide 53114?
False
Is 203 a factor of 8908125?
False
Is 32468089 a multiple of 15?
False
Is 3 a factor of 28596?
True
Does 115 divide 37417?
False
Is 72480 a multiple of 120?
True
Is 12415 a multiple of 5?
True
Is 399407 a multiple of 206?
False
Is 1151336 a multiple of 585?
False
Is 1650060 a multiple of 116?
False
Is 82399 a multiple of 17?
True
Does 57 divide 269787?
False
Is 1155780 a multiple of 12?
True
Does 28 divide 1408462?
False
Does 56 divide 7966616?
True
Does 45 divide 142785?
True
Does 3 divide 26479?
False
Is 21255 a multiple of 9?
False
Is 12 a factor of 26280?
True
Does 18 divide 280098?
True
Is 305 a factor of 119255?
True
Is 51 a factor of 552585?
True
Does 404 divide 4105044?
True
Does 13 divide 2010658?
True
Is 522428 a multiple of 756?
False
Does 130 divide 95826?
False
Is 18 a factor of 9595080?
True
Is 2 a factor of 5291?
False
Is 26 a factor of 57278?
True
Is 43 a factor of 2613454?
True
Does 637 divide 11449438?
True
Does 285 divide 2028361?
False
Is 156591 a multiple of 63?
False
Does 21 divide 3975972?
True
Is 363 a factor of 3802770?
False
Is 9772091 a multiple of 32?
False
Is 624684 a multiple of 6?
True
Is 90550 a multiple of 5?
True
Is 44 a factor of 38676?
True
Is 9 a factor of 4621326?
False
Does 811 divide 2571681?
True
Does 31 divide 4654774?
True
Does 98 divide 104472?
False
Is 75 a factor of 89100?
True
Is 6705720 a multiple of 63?
True
Is 150075 a multiple of 145?
True
Is 25329834 a multiple of 20?
False
Is 14641 a multiple of 121?
True
Is 279276 a multiple of 34?
True
Is 294451 a multiple of 76?
False
Is 70082 a multiple of 4?
False
Is 12 a factor of 59171?
False
Does 35 divide 4342